et u be (36/(-1))/(-8 - -7). What is the tens digit of (u/(-30))/(2/(-40))?
2
Suppose -12 = i - 4*i. Suppose 88 = i*k - 4*a, 4*a + 25 = k - 0. What is the units digit of k?
1
Suppose -2*l + 4*c = -34, -c + 2*c - 9 = -2*l. What is the units digit of l + (-3)/(6/(-4))?
9
Suppose 3*t - 195 = -3*w, -7*w + 2*w = -t + 77. What is the tens digit of t?
6
Let l(q) = 3*q**2 - q + 1. What is the tens digit of l(-2)?
1
Let c(t) = t**3 + 7*t**2 + 6*t + 3. Let g be c(-6). Suppose 5*v + 3*p = 4*p + 29, 31 = g*v - 4*p. What is the units digit of v?
5
Let i = 2 - 7. Let r(w) = 7*w - 12. Let m(l) = -l + 2. Let f(o) = -39*m(o) - 6*r(o). What is the units digit of f(i)?
9
Suppose -4*n + m + 96 = 0, 0 = 2*m - 4*m. What is the tens digit of n?
2
Let y(f) = f + 6. Suppose p + 3*d = 5, -5*p + 4*p + 5 = 5*d. What is the tens digit of y(p)?
1
Let u(p) = p - 2. Let m be u(7). Suppose -z + m*t + 21 = z, 0 = -4*z - 4*t. Suppose 0 = 3*g + z - 6. What is the units digit of g?
1
Let y be 0 + -1 + 1 - -8. Let s = 17 - y. What is the units digit of s?
9
What is the tens digit of ((-33)/6)/(3/(-12))?
2
Let n = 52 + -31. What is the tens digit of n?
2
Let x(q) = -q + 1. Let o(t) = -3*t + 1. Let p(g) = -g - 1. Let f(l) = o(l) - p(l). Let d(y) = 2*f(y) - 3*x(y). What is the units digit of d(-7)?
8
Let q be -2 + -13 - 2/(-2). What is the tens digit of 4/q + (-93)/(-7)?
1
Let f(o) = o**2 - o + 37. Let g(t) = t**2 - 4*t + 3. Let i be g(3). What is the units digit of f(i)?
7
Let k(f) = f**3 + 3*f**2 + 2*f. Let d be k(-2). Suppose d*t + 4*t = 24. Let g = -4 + t. What is the units digit of g?
2
Let y(d) = 1 + d + 0*d - 2*d. Let c be y(-2). Suppose c*r = r - s + 27, 3*r - 13 = 4*s. What is the units digit of r?
1
Suppose a - 3*l = -1 - 1, 0 = 3*a + 2*l - 27. Suppose 0*p = p. Suppose p*s = -s + a. What is the units digit of s?
7
Let d = 59 - 17. What is the tens digit of d?
4
Let k(q) = q**3 + 4*q**2 - 8*q + 5. Let r be k(-6). Let t = 33 + r. What is the units digit of t?
4
Let l = -1 - -3. Let p(g) = -g**3 + 3*g**2 + g + 2. What is the units digit of p(l)?
8
Let b = 8 - 14. Let n = -4 + -1. Let v = n - b. What is the units digit of v?
1
Let q = 290 + -129. What is the hundreds digit of q?
1
Suppose 404 = 4*h - 4*i, 4*i + 8 = -4. What is the tens digit of h?
9
Let q be -1*1/(-1)*1. Suppose 0 = -2*a + 13 + q. What is the units digit of a?
7
Let s be 2 + -2 - (-2 - -1). Suppose -m + 6 = -s. What is the units digit of m?
7
Suppose 0*q + 25 = -5*q, 22 = 3*w - 5*q. Let v = w + 6. Suppose 0 - 35 = -v*f - 4*j, -2*j = 0. What is the units digit of f?
7
Let s(u) = -u**3 - 4*u**2 + 5*u + 3. Let p be -4 - (1 - 4) - 4. Let y be s(p). Suppose y*c - 12 = -c. What is the units digit of c?
3
Let d = -4 + 7. Suppose -5*y - u = -49, -3*y + u + 34 = -d*u. Suppose -5*j - y = -p - 4*p, j = 4*p - 5. What is the units digit of p?
1
Let m be 2/4 + (-27)/6. Let o(i) = -i**2 - 8*i - 4. What is the units digit of o(m)?
2
Let t = -20 + 10. Let j be (-406)/(-35) - 4/t. Suppose -4*a + 2*b + 22 = 0, -a + 6*b = 2*b + j. What is the units digit of a?
8
Let o be 35/(-2)*(-4)/(-5). What is the units digit of (-240)/(-56) - (-4)/o?
4
Let w(q) = -7*q - 3. Let u be w(-2). Suppose -1 = -t + u. What is the tens digit of t?
1
Let d(h) = 9*h**3 - 2*h**2 + 1. What is the units digit of d(1)?
8
Let r(l) = -l**2 - 9*l - 10. Let q be r(-7). Suppose q*g = g. Suppose -12 = -k - 2*a - g*a, -5*k - 5*a = -45. What is the units digit of k?
6
Let j = 92 + 24. Suppose -3*w = 3*s - 5*w - j, 5*w = 3*s - 119. What is the tens digit of s?
3
Let q = -195 + 411. What is the hundreds digit of q?
2
Let m(j) = 2*j**2 + 3*j + 1. What is the tens digit of m(-3)?
1
Suppose 2*p - 7*p + 25 = 0. Let t(c) = -c**2 + 9. Let z be t(0). Suppose -p*b + 0*g - 4*g + z = 0, 0 = b - 5*g - 25. What is the units digit of b?
5
Let o = 4 + -2. Let m = 6 + o. What is the units digit of m?
8
Let b(n) = -10*n + 5. Let t(q) = -11*q + 5. Let r(y) = -3*b(y) + 2*t(y). What is the units digit of r(4)?
7
Let t be (-6)/(-5)*(-30)/(-9). Suppose 0 = t*l + 5 - 29. What is the units digit of l?
6
Suppose -l + 3 + 1 = 0. Suppose 0 = -3*g + g - 36. What is the units digit of l/g - 47/(-9)?
5
Let c(u) = 95*u**2 - 2*u - 2. What is the units digit of c(-1)?
5
Let k(t) = 9*t. Let q(s) = 0*s + 3*s - s. Let y(l) = -6*k(l) + 26*q(l). What is the units digit of y(-3)?
6
Let m(t) = -t**2 + 1. Let x(p) = -5*p**2 + 2*p + 8. Let n(l) = 4*m(l) - x(l). Let r be n(3). What is the units digit of r + 1 + (-2 - -8)?
6
Suppose 2*b + 3 = -1. What is the units digit of ((-1)/b)/(3/24)?
4
Suppose -5*b = -3*d + 138, -b = -d + 2*b + 42. What is the units digit of d?
1
Suppose -5*d + 6 = -9. What is the units digit of d?
3
Suppose -6 + 30 = -4*x. What is the units digit of (-3)/(x/4) - -3?
5
Let d(q) = 6*q**2 - 3*q + 3. Let l be d(-3). Suppose n + l = -0*n. What is the tens digit of ((-6)/9)/(4/n)?
1
Suppose 2 = 3*n - 13. Suppose 2*g + 2*a = -10, 3*a = -n*g - a - 21. What is the units digit of g/(0 + 3/(-21))?
7
Let j be 3 + 3 + -9 - -6. What is the units digit of j*((-51)/(-9) + 0)?
7
Let d be (-86)/(-3) - 2/3. Let z = -18 + d. What is the units digit of z?
0
Suppose -3*d - 996 = -3*a, -d - 850 = -2*a - 191. What is the hundreds digit of a?
3
Let b be ((-9)/6)/((-9)/60). Let n = b + 1. What is the tens digit of n?
1
Let l be 3*4/12 + 4. Suppose 0 = v - l - 32. What is the units digit of v?
7
Let h = 52 + -15. What is the units digit of h?
7
Suppose 0*k + 2*k = 4*u - 88, -16 = 4*k. Suppose 2*y + 3*t = u, y - 21 = -0*y + 4*t. What is the units digit of y?
3
Let l(a) = a**2 - 4*a - 5. Let r be l(-7). Suppose 4*w = r + 68. What is the units digit of w?
5
What is the units digit of (39/12)/(2/40)?
5
Let t be (-1 + -2)*8/(-3). Suppose k + 3*k = -t. What is the units digit of 1 + k - 18/(-2)?
8
Suppose 4*k - 5*k = -14. Suppose -5*v = k - 29. What is the units digit of v?
3
Let s = 17 + 8. What is the tens digit of s?
2
Let o(b) = -b**3 + 2*b**2 + 4*b + 4. What is the tens digit of o(-3)?
3
Suppose 0*m = m - 5. Let t be 2 - 3 - 6*-3. Suppose -t = -m*a - 2. What is the units digit of a?
3
Let t(p) = p**3 - 11*p**2 + 11*p - 4. What is the units digit of t(10)?
6
Let d(y) = -y**2 + 8*y + 4. Let v be d(6). What is the units digit of (-4)/v - (-41)/4?
0
Let q(l) be the third derivative of l**5/60 - 7*l**4/24 - 11*l**3/6 + 8*l**2. What is the units digit of q(9)?
7
Suppose -5*v = -p - 148, 4*v - 25 = 2*p + 91. What is the units digit of v?
0
Let l(k) = -k**3 + 4*k**2 + 6*k - 4. Let d be l(4). Let b = -11 + d. What is the units digit of b?
9
Let p = 31 + -11. What is the tens digit of p?
2
Let c = 15 + -4. Let i(s) = -2 + 3 + 2*s + 16*s**2 - c*s**2 + 13*s**2. What is the units digit of i(-1)?
7
What is the units digit of (3*16/36)/((-2)/(-3))?
2
Let z = -4 - -5. Suppose 0 = 3*u + z - 4. What is the units digit of u?
1
Let n(l) = -13*l**3 + l**2. Let r be n(-2). Suppose -2*o - 5*g + 72 = 0, 4*o - r = g - 2*g. What is the units digit of o?
6
Suppose 0 = -4*w, 0 = -2*p + 3*p - w - 9. Suppose 0 = 5*m - 66 - p. What is the units digit of m?
5
Suppose -4*n + 0*n = 2*h - 90, 0 = 4*h + 2*n - 180. Suppose -5*i - 2*a + 1 + h = 0, 5*i + 5*a - 40 = 0. What is the tens digit of i?
1
Suppose 1 = -2*z + 9. Suppose 0 = -2*v - 5*x + 22, v = -z*v - 4*x + 38. What is the units digit of v?
6
Suppose -2*g - 8 = 5*v, g + 6 = -v + 2. Let x = 15 - v. What is the tens digit of x?
1
Suppose 6*w = w + 295. Let t = -23 + w. What is the units digit of t?
6
Suppose 0 = -0*g - g + 23. What is the tens digit of g?
2
Suppose 5*c + 10 = 0, 3*v = 2*v + 2*c + 13. Let r be v/3 - (-4)/2. Suppose 2*q - 34 = -5*a, 0 = r*a + 3*q - 35 - 1. What is the units digit of a?
6
Let s(t) = -t - 1 + 0 + t**2 - 4. Suppose -b - 15 = 3*u, u + b + 3*b = -16. What is the units digit of s(u)?
5
Suppose -355 + 5 = -t. What is the units digit of t?
0
Suppose 3*t - 432 = -4*m - t, -t = 4*m - 438. What is the hundreds digit of m?
1
Let t(g) = -g + 2. Let w be 5*(56/(-10))/(-4). Suppose -w = -4*h - 3. What is the units digit of t(h)?
1
Suppose -2*b - 80 = -4*j, 4*j - 10 = -4*b + 46. What is the units digit of j?
8
Let r(f) = 2*f - 1. Let t be r(3). Suppose x - 5*m = -t, 3*m + 21 = 6*x - 3*x. Suppose 2*w = 8 + x. What is the units digit of w?
9
Let c = 3 - 4. Let f = 1 - c. What i